 + k**2/2 + 3*k - 1. List the prime factors of j(6).
3, 5
Let b = 62 - -8. List the prime factors of b.
2, 5, 7
Let s(a) = 2*a**3 + 18*a**2 + 5*a - 22. List the prime factors of s(-7).
139
Suppose c + 2*c + 4*f = -22, -3*c + 3*f = -6. Let n = c - -1. Let s = 3 + n. What are the prime factors of s?
2
Let z be 2/((-28)/12 + 3). Suppose -19 - 23 = -z*f. What are the prime factors of f?
2, 7
Suppose -5*n = -n - 116. Let a = n - 21. What are the prime factors of a?
2
Let d = 39 + -5. Suppose -32 = -2*s + r, r - 42 = -4*s + d. List the prime factors of s.
2, 3
Let s(a) = 2*a**2 - 11*a - 14. What are the prime factors of s(-8)?
2, 101
Let o = 8 + -13. What are the prime factors of (o - 2)*2/(-1)?
2, 7
Let g(t) = t**2 + 7*t + 3. Let f be g(-7). Suppose 0 = f*s - 12. List the prime factors of s.
2
Suppose 289 = -2*c + 783. What are the prime factors of c?
13, 19
Suppose 0 = -q - 4*q - 10. Let p be 0 - (-19 - (-1 - q)). Suppose -5*m + p = -0*m. What are the prime factors of m?
2
Let o = 19 - 13. Let z = -3 + o. What are the prime factors of z?
3
Suppose -4 = 5*o - w, -7*o = -2*o - 5*w + 20. Suppose -4*g - 7 + 3 = o. List the prime factors of 1 + 0 - 4/g.
5
Let z = -1 + 6. Suppose 2*j + 3*j + z = 0. List the prime factors of 2 - (0 - j) - -8.
3
Suppose 3*k - 198 = 9. List the prime factors of k.
3, 23
Let n(u) = -u**3 - 10*u**2 + 10*u + 7. What are the prime factors of n(-11)?
2, 3
Let s(y) = 6*y**2 - 2*y + 3. Let p(k) = k**2 + k. Suppose 0 = -3*x - 2*i - 13, 3*i = -4*x - 1 - 18. Let u(j) = x*s(j) + 5*p(j). List the prime factors of u(5).
7
Let h = 4 + -3. Let k(v) = 2*v**2 + 2*v - 1. Let f be k(h). Suppose -3*a = -3*o - 57, -f*o + 32 = 3*a + 5. What are the prime factors of a?
2, 7
Let l = -3 - -6. Suppose 0*f + 42 = l*f. List the prime factors of f.
2, 7
Let v = -55 - -120. What are the prime factors of v?
5, 13
Suppose s = 5*z - 22 - 0, -3*s - 5*z + 34 = 0. Suppose 4 - 34 = -5*d - q, s*d - 18 = -3*q. What are the prime factors of d?
2, 3
Let p = -3 + 3. Let l = p - -2. Suppose -4 = l*v - 3*v. List the prime factors of v.
2
Suppose 0 = 3*h - 4*h + 10. Let f = h - 3. List the prime factors of (-9 + f)*(-26)/4.
13
What are the prime factors of (-1)/(-3) - (3 + 670/(-6))?
109
Let v = -545 - -830. What are the prime factors of v?
3, 5, 19
Let z(m) = m + 11. Let i be z(-8). Suppose -6 = i*n - 3. List the prime factors of (-18)/(-4 + 2) + n.
2
Let o(b) = b**2 - 2*b - 5. Let c be o(-4). Suppose -5*j = 2*x - c, 4*x - 61 = x - j. List the prime factors of x.
2, 11
Let x(z) = -z**3 - 7*z**2 - 2. Let f be x(-7). List the prime factors of ((-11)/2)/(f/4).
11
Let g = 5 - 1. Let h(v) = -5 - g*v + 3*v + 3*v - v**3 + 5*v**2. What are the prime factors of h(5)?
5
Let w be -1*(7 - 1)/(-1). Suppose 2 + 2 = -y. Let l = w + y. What are the prime factors of l?
2
Suppose 2*n = 5*s + 9, 0 = 3*n + 2*s - 3 - 1. Suppose -4*q + 6 = -n*q. Suppose 4*f - q = 3*f. What are the prime factors of f?
3
Suppose 0 = 2*n - 2*k + 2738, -3*n - 2033 = -4*k + 2071. What are the prime factors of (n/(-42))/((-4)/(-6))?
7
Let u(d) = 6*d**2 - 2*d + 1. Let s be u(1). Suppose 2*k + 2*k - s*i = 67, 4*k + 3*i - 107 = 0. List the prime factors of k.
23
Let o = -17 - -17. Let k(m) = m**2 - m + 20. What are the prime factors of k(o)?
2, 5
Let y(u) = -u**3 + 3*u**2 + u. Let t be y(3). Suppose 3*b - 33 = -t*w, 2*w + 3*b = 3 + 18. What are the prime factors of w?
2, 3
Suppose 8 = -2*u - 2*r, 2*r + 26 = -5*u - r. Let g(d) = -2*d + 4. List the prime factors of g(u).
2, 3
Suppose 6*f - 15 = f. What are the prime factors of f?
3
Suppose -j = 4*j. Let u = j + 12. Suppose 5*r - u = 8. What are the prime factors of r?
2
Suppose -3*m = -2*r + m + 162, 284 = 4*r + 2*m. List the prime factors of r.
73
Suppose p - t - 2 = -p, -4*t = -2*p + 8. Suppose -5*f + 55 = -p*f. What are the prime factors of f?
11
Let d = -245 + 463. List the prime factors of d.
2, 109
Let x(d) = d**2 - 3*d + 7. Let g be x(4). Suppose 2*u = g + 7. List the prime factors of u.
3
What are the prime factors of (5/15)/(2/54)?
3
Let w = 136 + -44. Suppose -w - 43 = -5*m. Suppose 0 = 2*p + p - m. What are the prime factors of p?
3
Suppose 4*c = 3*p + 2*p + 7, 3*c - p - 8 = 0. Suppose 5*z + 29 = c*t, 5*t - 32 = -4*z + 41. What are the prime factors of t?
13
Let z = 10 - 12. Let s be 36/z - (-9)/3. List the prime factors of (70/s)/((-4)/6).
7
Let u(t) = -t + 4. Suppose 3*o + 6 = -15. List the prime factors of u(o).
11
Let m = 189 - 39. List the prime factors of m.
2, 3, 5
What are the prime factors of -47*1/(-1) - 0?
47
Let q be (-330)/2*(-5)/15. Suppose 4*g - 3*p = 65, -5*g - p - 4*p + q = 0. What are the prime factors of g?
2, 7
Suppose x = 3*q - 260, 2*q = -x + 64 + 101. List the prime factors of q.
5, 17
Let t = -8 + 16. Suppose -3*m - 4*g + 20 = 0, 3*g = 3*m + g - t. What are the prime factors of m?
2
Let i = -131 - -200. List the prime factors of i.
3, 23
Suppose 4*f - 30 = -f. Let q be -1*f*2/(-3). Suppose 0 = -i + q*i - 6. List the prime factors of i.
2
Let q = -9 - -15. Suppose m = -a + 11, -a = -m + 3 - q. Let i = 11 - a. What are the prime factors of i?
2
Let m(g) be the first derivative of g**4/12 - g**3 + g**2 + 1. Let t(c) be the second derivative of m(c). What are the prime factors of t(9)?
2, 3
Suppose 2*w - 3*t = 5, 0*w - w = -4*t. Let s = w + -1. List the prime factors of s.
3
Let f be (72/15)/((-2)/(-10)). Suppose 3*z = -3*i - 6 + f, 2*z = -3*i + 16. What are the prime factors of z?
2
Let r be (-1 - -2)/((-1)/(-16)). Let j = 21 - 16. Suppose -r = -j*w + 3*w. What are the prime factors of w?
2
Let z(l) be the second derivative of l**5/20 + 13*l**4/12 + 11*l**3/6 - 4*l**2 - 2*l. List the prime factors of z(-12).
2
Let z be (-12)/(-3)*(-3)/(-6). Suppose p + 18 = 3*w, z*w = 5*p + 3*w + 10. Let i(y) = -y**3 + 3*y - 4. List the prime factors of i(p).
2, 7
Let n = -8 - -1. Let o(m) = -2*m + 4. What are the prime factors of o(n)?
2, 3
Let k(h) = -6*h**2 + 4*h**2 + 3*h**2 + 5*h - 8. Suppose 0 = -5*m - 20 - 15. What are the prime factors of k(m)?
2, 3
Suppose o + 15 + 21 = 0. List the prime factors of (-1)/4 - o/16.
2
Suppose -5*d - 3*s + 3 = 0, -d - 1 = d - s. List the prime factors of 8*(0 - (-3 + d)).
2, 3
Suppose -p = -3*p. Suppose -f + 2*f + 67 = 3*m, -m - 3*f + 29 = p. List the prime factors of m.
23
Suppose 9 = -x + 4*p, -5*x - p + 24 = -36. Let f(d) = d**3 - 10*d**2 - 10*d. List the prime factors of f(x).
11
Let a = -26 + 17. Suppose 159 = -5*n + 49. Let v = a - n. What are the prime factors of v?
13
Let u(m) = 3*m + 2. Let h be u(-2). Let x = h + 7. Suppose 8 - x = 5*p + 5*l, 5*p - 2*l - 33 = 0. What are the prime factors of p?
5
Let t be (5/(-1))/((-5)/20). Let s = 41 - t. What are the prime factors of s?
3, 7
Let x be (8 - 7)*4/2. Suppose -33 = -x*g + 5*i, g - 21 = 2*g + 5*i. What are the prime factors of g?
2
Suppose 5*j + 4 + 13 = -q, -4*q - 11 = j. What are the prime factors of 3*3*(4 + j)?
3
Suppose 2*h - 6*h - 6 = 5*a, -5*h = 20. Suppose -j + 30 = a*j - 3*k, j + 20 = -5*k. Suppose -10 = -j*x - 0. List the prime factors of x.
2
Let w(b) = 2*b**2 + 2*b + 8. What are the prime factors of w(-3)?
2, 5
Let i(r) = 70*r + 7. What are the prime factors of i(2)?
3, 7
Suppose 2*a = -0*a. Suppose 0 = -5*u - 41 + 116. Suppose m = -a*m + u. List the prime factors of m.
3, 5
Let x(i) = 7*i - 7. Let j be x(5). Let a be (4/6)/((-4)/(-234)). Let b = a - j. List the prime factors of b.
11
Let m be 5 + 30/(-3) - (-2 + 0). Let v(q) be the second derivative of -q**3/6 + q**2/2 + q. List the prime factors of v(m).
2
Let y be (6/(-9))/((-3)/18). Suppose 0 = -y*x + 2*x - 8. Let k = x - -8. What are the prime factors of k?
2
Let v be ((-2)/8)/(3/(-12)). Suppose 2*m - 5*y + 2 = 4, 0 = -2*m + 4*y + 4. Let z = m + v. List the prime factors of z.
7
Suppose 0 = -4*f + 20, 5*m - 3*f = -0*f + 45. Suppose 2*l = m - 2. List the prime factors of l.
5
Suppose -2*f + 31 = 4*s + s, f + s = 17. Let o = 47 - f. List the prime factors of o.
29
Let d(v) = v**3 + 6*v**2 - v - 3. Let p be d(-6). Suppose 3*s = 4*l - 97, 3*l + 7*s = p*s + 79. List the prime factors of l.
5
Let r(f) = -5 + 7*f - f**3 + 5 + 5*f**2 + 1. Suppose 4*l - 30 = -l. What are the prime factors of r(l)?
7
What are the prime factors of (-4 - -5)/(2 - 346/174)?
3, 29
Let m(p) = 75*p**2 + 2*p - 1. What